ed by (8/(-12))/(6/(-9))?
0
Suppose v - 4*v - 10 = 2*h, -v = -h. Let t = 12 - 4. What is the remainder when 1*h*165/(-22) is divided by t?
7
Let s = 4 + -2. Let x be 16/24 + 50/6. Suppose 12*r = x*r + 3. Calculate the remainder when s is divided by r.
0
Let h = -2 + -4. Let w(p) = -2*p - 4. What is the remainder when 23 is divided by w(h)?
7
Let b = -2 + 11. What is the remainder when (-10)/(1 + (-6)/4) - 3 is divided by b?
8
Let s(o) = o**3 + 6*o**2 - 7*o + 8. Calculate the remainder when 54 is divided by s(-7).
6
Let a = 39 - 9. Calculate the remainder when 89 is divided by a.
29
Let x(z) = 16*z**2 - z + 2. What is the remainder when x(1) is divided by 9?
8
Let f(n) = n**3 + 21*n**2 + 17*n - 42. What is the remainder when 53 is divided by f(-20)?
17
Suppose 0 = -3*w + w + 92. Suppose 2*f + 0*f = 2*s - 26, 3*f = -2*s + w. What is the remainder when s is divided by 9?
8
Suppose -2*v = -2 - 6. Suppose 2 - v = y. What is the remainder when 5 is divided by y/(0 - -2)*-3?
2
Suppose -y - 4 = -0*y. Suppose -d + 15 = -4. Calculate the remainder when y/(-18) + 1004/18 is divided by d.
18
Let j be (-158)/5 + (-2)/5. Let c(z) = -2*z**2 - 7*z. Let t be c(-5). Let p = t - j. What is the remainder when 32 is divided by p?
15
Let z(w) = 6*w - 5. What is the remainder when z(13) is divided by 20?
13
Let f = 10 - 12. Let d = 13 - f. What is the remainder when 58 is divided by d?
13
Suppose -12*z + 1180 = -176. Calculate the remainder when z is divided by 38.
37
Suppose -36 = -5*w + w. What is the remainder when 35 is divided by w?
8
Suppose 0 = -0*g - 4*g + 48. Let k = 14 - 9. Suppose k*p - 275 = -45. What is the remainder when p is divided by g?
10
Let j(r) = 5*r**2 - 2*r + 28. Let c(o) = 4*o**2 - 2*o + 27. Let i(v) = 6*c(v) - 5*j(v). Calculate the remainder when ((-24)/(-3))/(2/16) is divided by i(0).
20
Let h = 21 + -3. Calculate the remainder when 50 is divided by h.
14
Let b be (-28)/6 + (-4)/(-6). Let g = 6 + b. Suppose g = q - 0. Calculate the remainder when 3 is divided by q.
1
Suppose -3*l - n + 140 = 0, 189 = 3*l + 3*n + 57. What is the remainder when l is divided by 7?
6
Suppose -25 - 15 = -2*n. Let j = -366 + 518. Suppose -143 - j = -5*u. Calculate the remainder when u is divided by n.
19
Let n(p) = -5*p - 10*p + p. Let y = 2 - -6. Calculate the remainder when n(-1) is divided by y.
6
Suppose 0 = p + 5*j - 15, 2*p + 0*p = j + 52. Calculate the remainder when p is divided by 10.
5
Suppose -5*k + 3*k = -34. What is the remainder when 46 is divided by k?
12
Suppose -17 = -2*m + 3*m + 5*x, 0 = 4*m - x - 37. Calculate the remainder when 16 is divided by m.
0
Let x = 229 - 107. What is the remainder when x is divided by 31?
29
What is the remainder when 10/(-1)*(-5 + 0) is divided by 18?
14
Calculate the remainder when (-1*2)/1 - 40/(-5) is divided by 4.
2
Let h = 38 - 28. Let b be (-2)/6 + 2/(-3). What is the remainder when ((-19)/4)/(b/4) is divided by h?
9
Suppose 0*i + 2*n = -3*i - 1, 0 = 2*i - 5*n - 31. What is the remainder when 14 is divided by i?
2
Let y(q) be the second derivative of -q**5/20 - 5*q**4/12 + q**3/3 - 3*q**2/2 - 5*q. What is the remainder when y(-6) is divided by 6?
3
Let w(s) = 2*s - 9. What is the remainder when w(6) is divided by (3/2)/1*2?
0
Let t be (-4)/(-4) - 3/(-1). Suppose -t*s + 2 + 6 = 0. Calculate the remainder when 4 is divided by s.
0
Suppose -13 = -4*w + 11. Suppose -w*n - 120 = -11*n. Calculate the remainder when n is divided by 9.
6
Let w = 3 - -4. Let x(t) = -t**2 + 6*t - 1. Let j be x(6). Calculate the remainder when 212/16 + j/4 is divided by w.
6
Let q be ((-7)/(-3))/(2/(-6)). Let k(j) = j**2 + 6*j + 1. Calculate the remainder when 15 is divided by k(q).
7
Let v = 8 + -9. Let w = 5 - -5. What is the remainder when 2*v*(-1 - 13) is divided by w?
8
Suppose 4*k + 452 = 4*t, -2*k + k = 4*t - 477. Suppose 4*h + 2*m = t, -m - 3*m + 40 = h. What is the remainder when h is divided by 15?
13
Let x(r) = -5*r - 2. Let c(u) = -9*u - 4. Let w(a) = 4*c(a) - 7*x(a). What is the remainder when 48 is divided by w(-12)?
8
Suppose i = -3*v + 24, 5*v - 4*v + 44 = 4*i. Suppose -2*s + 6 + 3 = -j, -i = -s + 3*j. What is the remainder when 8 is divided by s?
2
Let r = 4 + 16. Let f = -13 + r. Suppose 4*q - 15 - 33 = 0. Calculate the remainder when q is divided by f.
5
Suppose -5*p = -20 - 35. Calculate the remainder when ((-1)/(-1))/(4/76) is divided by p.
8
Let x be -1 + 0 - 3 - -2. Let a(g) = -26*g - 6. Calculate the remainder when a(x) is divided by 12.
10
Suppose -2*s + 6 = -s. Suppose 5*i + 95 = 5*y, -107 = -5*y - i - 0*i. What is the remainder when y is divided by s?
3
Let j = 149 - 91. What is the remainder when j is divided by 12?
10
Suppose 4*o = -v + 15, 0*v - 4*o = -v + 23. What is the remainder when 75 is divided by v?
18
What is the remainder when 135 is divided by 1*-1 + 15/(-3) + 40?
33
Suppose -2*x + 85 = -25. Calculate the remainder when x is divided by ((-10)/(-15))/(2/57).
17
Let s = -228 - -231. Let h(f) = -2*f - 9. Let o be 12*(1/2 - 1). Calculate the remainder when s is divided by h(o).
0
Suppose 0 = -2*q + 15 + 5. Let y = 24 - q. Calculate the remainder when y is divided by 9.
5
Let t be (3/(5 - 2))/1. Calculate the remainder when 2 - t - -1*22 is divided by 6.
5
Let h = 129 - 83. Calculate the remainder when h is divided by 6.
4
Suppose 5*r + q = 102, -5*r - 2*q = -7*q - 90. Calculate the remainder when 37 is divided by r.
17
Let z(q) = q**2 - 6*q - 6. Let p be z(6). What is the remainder when 20 is divided by (-33)/p*(3 + -1)?
9
Let b(a) = 52*a**2. Let j(p) = 26*p**2. Let c(i) = 6*b(i) - 11*j(i). Let u be c(-1). Let y = u + -4. Calculate the remainder when y is divided by 8.
6
Suppose -5*s = -5*i + 60, 5*s - 93 = 3*i - 7*i. Let r(z) = -z**2 + 6. What is the remainder when i is divided by r(0)?
5
Suppose 0 = -0*a + 3*a. Suppose -3*f - 3*c = -6, 4*c - 4 = -2*f - a. Calculate the remainder when 2 is divided by f.
0
Let d be 27 - (-1 - -2)/1. What is the remainder when (d/3)/(8/12) is divided by 7?
6
Let c(d) = d + 8. Let b be c(-8). Suppose b*y = -y + 33. Calculate the remainder when y is divided by 17.
16
Let f(n) = n**2 + 12*n - 14. Suppose -z = -0*z + 3, 44 = -4*y + 4*z. What is the remainder when 39 is divided by f(y)?
11
Suppose 2*z = -0*z + 8. Suppose -4*j + 1 + 7 = 0. Suppose 31 - 1 = j*y. Calculate the remainder when y is divided by z.
3
Suppose -1 + 3 = y. Let s(o) = o - 1 - 2*o + y*o. What is the remainder when 8 is divided by s(4)?
2
Let z(x) = -x**3 - 7*x**2 - 6*x + 3. Let g be z(-6). Suppose -16 = -5*q + g*q. Calculate the remainder when (14 - 1) + -3 + 3 is divided by q.
5
Suppose -4*n + 280 = n. What is the remainder when n is divided by 754/(-39)*(6/(-4) - 0)?
27
Let m(a) = 10*a**2 - 5*a + 3. Calculate the remainder when m(3) is divided by 16.
14
Suppose -4*j - 3*z + 52 = 0, -2*j + 0*j = z - 26. What is the remainder when 36 is divided by j?
10
Let c be (-3 + 2)/((-1)/6). Let k = c - 2. Calculate the remainder when 10 is divided by k.
2
Let z(p) = -p**3 + 5*p**2 + 14*p - 54. Suppose 0 = -4*h + 2*c + 36 + 84, -3*c + 6 = 0. What is the remainder when h is divided by z(5)?
15
Let u(a) = 2*a - 6. Let o = 94 - 44. Calculate the remainder when o/2 + (-4)/2 is divided by u(7).
7
Let y be (8/5)/((-2)/(-5)). Suppose -l - y = -62. What is the remainder when l is divided by 20?
18
Let w(s) = 19*s**2 - 2*s. What is the remainder when w(2) is divided by 25?
22
Let k = 41 + -22. Suppose 2*s + k = n, 8*n + s - 117 = 3*n. What is the remainder when 45 is divided by n?
22
Let b = 209 - 173. Calculate the remainder when b is divided by 20.
16
Let q(r) = r**3 - 4*r**2 - 7*r + 2. What is the remainder when 122 is divided by q(6)?
26
Let a(v) = -4*v - 5 + 0*v - v**2 + 2*v**2. What is the remainder when 19 is divided by a(6)?
5
Suppose -16 = -u - c, -5*c - 8 - 40 = -3*u. Calculate the remainder when 31 is divided by u.
15
Let u = 8 - 2. Suppose -2*y + u*y - 96 = -4*k, 0 = -2*k + 6. Let t = -36 + 47. Calculate the remainder when y is divided by t.
10
Let y(q) = q**2 + 5*q. Let h be y(-4). What is the remainder when (18/h)/(4/(-8)) is divided by 5?
4
Let b = 7 - -11. Calculate the remainder when 70 is divided by b.
16
Suppose -5 = -5*o + 10. Let h be 2 - (o + (-1)/1). Suppose 35 = k - h*k. Calculate the remainder w